2
Convert 1010010001010110111000 (base 2) to base 7.
31612650
-372457 (base 8) to base 2
-11111010100101111
Convert 2000024301 (base 5) to base 4.
32322013230
What is -652a4 (base 12) in base 2?
-100000100101011100
Convert 11011201002 (base 3) to base 12.
3b66b
What is -77a4 (base 11) in base 14?
-3a62
3015884 (base 10) to base 5
1233002014
What is -815b2 (base 13) in base 12?
-b20a3
4030442 (base 5) to base 8
175761
Convert 200020001000 (base 3) to base 16.
57927
2a7478 (base 13) to base 3
1222001120122
21fa (base 16) to base 5
234243
Convert 65502 (base 12) to base 5.
13240103
What is -20102202002 (base 3) in base 4?
-132323003
101001000211 (base 3) to base 13
6bc17
Convert -2415546 (base 7) to base 15.
-60e16
Convert -7b629 (base 12) to base 2.
-101000010011000001
What is 830690 (base 12) in base 6?
112004300
Convert 6a406 (base 12) to base 2.
100010101111000110
41000101 (base 5) to base 10
328151
2021112120021 (base 3) to base 11
758065
Convert -601667 (base 8) to base 12.
-963b3
What is -1046212 (base 8) in base 16?
-44c8a
What is 442632 (base 12) in base 11?
67a43a
What is -16502651 (base 7) in base 5?
-403130423
What is -1056787 (base 9) in base 6?
-20111254
Convert -205aa (base 11) to base 6.
-350531
Convert -10c13c (base 14) to base 10.
-571002
Convert -14011402 (base 5) to base 13.
-4c51b
-1100331221 (base 4) to base 5
-41103000
Convert 1232224 (base 7) to base 5.
20044033
Convert -11121102112 (base 3) to base 9.
-147375
Convert 188898 (base 10) to base 11.
119a16
What is 76c4 (base 16) in base 4?
13123010
What is -10010011011111010011110 (base 2) in base 13?
-1002a27
What is -10033323222 (base 4) in base 2?
-100001111111011101010
Convert 225750 (base 8) to base 13.
28c3b
91ab4 (base 12) to base 10
189928
-411260 (base 11) to base 16
-a1404
What is 721a5a (base 13) in base 14?
4d3619
What is -37aef (base 16) in base 5?
-24244304
What is 10643304 (base 7) in base 4?
3210110001
Convert -3bc112 (base 16) to base 2.
-1110111100000100010010
Convert 203131122020 (base 4) to base 13.
1c05cc2
a1 (base 13) to base 16
83
What is -4261d (base 14) in base 10?
-160355
What is -1000010000011000 (base 2) in base 12?
-176a0
What is -618a (base 12) in base 13?
-4aaa
Convert 1032023130 (base 4) to base 8.
1161334
What is -1338485 (base 9) in base 2?
-10110011010100101000
Convert 3dc35 (base 15) to base 6.
4130552
-11163324 (base 9) to base 7
-64012660
-61125651 (base 7) to base 10
-5082561
-100221222131 (base 4) to base 8
-20515235
-2a7499 (base 12) to base 10
-717813
11221121210 (base 3) to base 2
10111110010000010
Convert -12a932 (base 16) to base 7.
-13252326
What is -3511a (base 15) in base 11?
-105a77
What is 452074 (base 8) in base 7?
1204001
What is 99034a (base 15) in base 16?
6f3f79
-10511054 (base 6) to base 13
-b2a83
What is 1142280 (base 9) in base 8?
2267672
What is 570326 (base 8) in base 5?
22131401
What is -a2a9b (base 12) in base 5?
-23244000
2113101321 (base 4) to base 7
5160351
What is dee35 (base 15) in base 9?
1288875
Convert 10121121221 (base 3) to base 5.
4234140
What is 11100101000101011 (base 2) in base 12?
57a63
2bb7ab (base 13) to base 14
202596
1747710 (base 9) to base 7
11205354
What is -49a37d (base 16) in base 10?
-4825981
What is 103122133300 (base 4) in base 16?
4da7f0
What is 1836240 (base 11) in base 10?
3112164
What is 6ed6 (base 15) in base 11?
16806
Convert 10200121000121 (base 3) to base 7.
22443103
What is -5e18b3 (base 16) in base 11?
-3532158
What is -3360870 (base 10) in base 12?
-1160b46
-151002335 (base 7) to base 12
-3423768
What is -1001100100010011110 (base 2) in base 3?
-120221001012
-3551030 (base 6) to base 12
-8b476
b65813 (base 12) to base 13
796c50
201244143 (base 5) to base 8
3046435
What is -14133430 (base 6) in base 15?
-96e09
Convert -411223101 (base 5) to base 10.
-1664151
23867 (base 9) to base 6
202054
Convert 55699 (base 10) to base 11.
38936
Convert -1021120210000 (base 3) to base 9.
-1246700
What is 42a935a (base 11) in base 15?
9e71c8
Convert 5525044 (base 7) to base 15.
d6204
What is -10100111010000100 (base 2) in base 14?
-232cc
-2713151 (base 8) to base 9
-1376628
Convert 17204473 (base 8) to base 6.
221422443
What is -101011303 (base 5) in base 13?
-113399
-118715 (base 9) to base 11
-4a126
Convert 21112102112 (base 3) to base 10.
148298
Convert 25272111 (base 9) to base 14.
1906ba5
Convert -11cb72 (base 14) to base 9.
-1131640
1d0092 (base 14) to base 16
fd430
Convert -3061111 (base 8) to base 13.
-225543
52931 (base 12) to base 4
122132311
-3671a7 (base 11) to base 3
-1002111101000
Convert -142a9 (base 13) to base 3.
-1220212222
112304224 (base 5) to base 7
4222463
What is 1201410320 (base 5) in base 2?
1010100010100111001010
38cbb (base 13) to base 10
105441
What is db6a76 (base 16) in base 9?
30046135
Convert 1042331 (base 9) to base 3.
1001102101001
What is 203203122311 (base 4) in base 7?
142135232
Convert -113113231123 (base 4) to base 9.
-12466781
Convert 5325635 (base 8) to base 9.
2604117
-475fd7 (base 16) to base 5
-2144140331
Convert -35632430 (base 8) to base 16.
-773518
-347c08 (base 14) to base 13
-4a8208
4316ba (base 12) to base 15
15e24a
What is 308580 (base 11) in base 7?
4126450
What is 15652045 (base 9) in base 4?
131313110210
Convert -9870c (base 13) to base 11.
-179256
-2420222044 (base 5) to base 9
-11534637
What is -221321 (base 4) in base 2?
-101001111001
What is 94958 (base 12) in base 4?
233211110
Convert 1649355 (base 10) to base 9.
3083436
Convert -12822 (base 14) to base 16.
-b1be
Convert 48445 (base 14) to base 7.
1333315
Convert 90981 (base 12) to base 6.
4010241
Convert 91450e (base 15) to base 6.
403514435
Convert -101140 (base 7) to base 8.
-41513
What is 1714b8 (base 12) in base 14?
a4684
233445 (base 6) to base 3
1000210102
Convert -653514 (base 12) to base 4.
-12013100200
What is 303211354 (base 6) in base 4?
103310203312
What is -1001010000001001010 (base 2) in base 16?
-4a04a
What is 11786 (base 10) in base 13?
5498
What is 36226665 (base 7) in base 9?
6043320
3102310 (base 4) to base 3
200111201
What is 315810 (base 10) in base 14?
8313c
Convert -101100201000212 (base 3) to base 14.
-a344d1
-54bc (base 16) to base 14
-7c96
d684 (base 16) to base 5
3224131
137647 (base 9) to base 15
19ee4
What is -1347c (base 16) in base 4?
-103101330
Convert -7627774 (base 8) to base 2.
-111110010111111111100
Convert -a149 (base 15) to base 9.
-51626
Convert -231310202212 (base 4) to base 2.
-101101110100100010100110
-12150205 (base 6) to base 7
-3202655
What is -625550 (base 8) in base 15?
-41830
What is -63a57 (base 13) in base 16?
-2be07
Convert -523025255 (base 6) to base 10.
-9101699
Convert -2111002212220 (base 3) to base 13.
-37329c
Convert 210122322 (base 4) to base 13.
52b93
-152356244 (base 7) to base 4
-212311330130
504225 (base 9) to base 16
48d6a
Convert 810129 (base 11) to base 12.
52a201
What is -21002123202 (base 4) in base 8?
-11023342
What is -7eb91 (base 16) in base 8?
-1765621
Convert 2123232 (base 5) to base 10.
36067
Convert -45413215 (base 6) to base 11.
-867491
-538105 (base 11) to base 16
-d1f30
What is b443b2 (base 13) in base 11?
2414510
What is 44d71 (base 15) in base 2?
110101011110010111
4324611 (base 8) to base 10
1157513
-136536654 (base 7) to base 15
-bd7053
6234114 (base 7) to base 16
b6a6f
-223053445 (base 6) to base 12
-1441285
-11102220111 (base 3) to base 14
-23bda
What is -3356540 (base 7) in base 10?
-417704
What is 4040171 (base 8) in base 3?
2000010000110
-1f4fe (base 16) to base 15
-28004
Convert -31454021 (base 7) to base 5.
-1140401043
What is -73436 (base 11) in base 5?
-11411003
-111020220001 (base 3) to base 12
-106b9a
13266030 (base 8) to base 9
5536346
1183300 (base 9) to base 3
1012210100000
What is 1671074 (base 9) in base 15?
13643d
What is -521321 (base 7) in base 6?
-1525342
Convert 1000111111101000 (base 2) to base 6.
442320
Convert -603654 (base 8) to base 5.
-22323242
What is -12111220112110 (base 3) in base 14?
-5641d0
Convert -13899a9 (base 11) to base 2.
-1001000110010010000101
305051 (base 9) to base 16
2c266
-30110202013 (base 4) to base 12
-10b9147
735538 (base 12) to base 8
6725674
Convert 1053155 (base 8) to base 16.
4566d
Convert -44d03 (base 16) to base 2.
-1000100110100000011
-180857 (ba